 - 13. Let c(o) be the third derivative of u(o). Calculate c(3).
-23
Suppose 12 = b - o, 4*o = -0*o - 16. Suppose q + 4*c = 18, -2*c = 2*q + q - 14. Let f(n) = -n + n - 7 + n**q - 7*n. Give f(b).
1
Let s(o) = -10*o**2 + 32*o**2 - 7*o - 15*o**2 - 6*o**2 - 13. Give s(9).
5
Suppose 3*v + 31 = 5*o, -v = -4*o - 0*o + 22. Let q(d) = -12*d - o*d + 0 + 3 + 16*d. Calculate q(0).
3
Let x(z) = 14*z - 4. Let g(l) = 21*l + 0 + 3 - 30*l. Let t(d) = 8*g(d) + 5*x(d). Give t(5).
-6
Let c be 1/(4/(-12)) - 20. Let t = -21 - c. Let h(q) = -2*q**2 + q + 2. Determine h(t).
-4
Suppose -3*n + 3 = 0, 4*j = -n - n + 18. Let i(c) = -c**2 + 3*c + 4. Let y(r) = r**2 - 3*r - 3. Let w(f) = j*i(f) + 3*y(f). Calculate w(6).
-11
Let t(q) be the second derivative of q**4/6 + 5*q**3/3 + 7*q**2/2 - 5*q + 2. Determine t(-7).
35
Suppose 0 = 3*z - w, 2*z + 5 - 22 = -5*w. Let q(n) = 4*n - 1. Determine q(z).
3
Let o(a) = 13 + 54*a - 51*a - 12 + a**3 + a**2. Calculate o(-3).
-26
Let m(l) = -7 - 20107*l + 20109*l - 3. Calculate m(8).
6
Let i(x) = -x. Suppose -5 = 4*v + a - 4, 14 = -v - 3*a. Let j(h) = 10. Let s(k) = v*j(k) + 5*i(k). Give s(7).
-25
Let z(v) = -v**3 + 11*v**2 + 11*v + 13. Let y be z(12). Let h(r) = -6*r**3 + 3*r + 7. Let i(t) = -9*t**3 + 4*t + 10. Let p(w) = 7*h(w) - 5*i(w). Determine p(y).
3
Let g be (2 - 3) + (18 - 1) - -3. Let y = 59 + -35. Let o = y - g. Let f(h) = -h + 6. Determine f(o).
1
Let s(v) be the second derivative of -v**3/6 - 9*v**2 - 143*v. Calculate s(-5).
-13
Let b(x) be the first derivative of -x**4/4 - x**3/3 + 5*x**2/2 - 2*x + 13. What is b(2)?
-4
Let x(m) = 16*m - 30. Let z be x(2). Let c(f) = -2*f**2 - 7*f + 11. What is c(z)?
-11
Let c = -16 + 0. Let r = c - -18. Let d(y) be the first derivative of y**4/4 - 2*y**3/3 + y**2 - y - 1. What is d(r)?
3
Suppose 0 = 3*p + 3*p - 12. Let q(t) = 6 - 2 - t**2 + 2*t**p - 30. Give q(0).
-26
Let a be 7*(8 - 14/2). Let w(d) = -7*d + 10. What is w(a)?
-39
Let h = -109 + 453. Suppose -4*g + h = 104. Let i(k) = 3*k - 60 + g. Calculate i(-3).
-9
Let l(w) be the first derivative of -w**5/20 + 3*w**4/4 - 2*w**2 + 6*w + 33. Let j(v) be the first derivative of l(v). Give j(9).
-4
Let g = -42 + 39. Let a(i) = -14*i - 2. Give a(g).
40
Let l be -2 - (-2 - -3 - 15). Suppose -y = y - l. Let q(p) be the first derivative of p**2 - 2*p - 9. What is q(y)?
10
Suppose 3*b = 5 + 10. Suppose 15*x - 10*x = -b. Let f(s) = -5*s**2 - 1. What is f(x)?
-6
Let k(m) be the third derivative of -m**5/60 - m**4/6 - 2*m**3/3 + 75*m**2. What is k(-4)?
-4
Let s = 11 - 9. Let d(h) = -h**2 + 4 - 4 - s - 6*h. Let m = 16 + -20. Calculate d(m).
6
Let f(t) = -30*t**2 + 55*t**2 + 6 - 7*t - 28*t**2 + t**3. Let a(i) = -2*i - 10. Let h be a(-7). Calculate f(h).
-6
Suppose f - 35 + 14 = 4*s, -4*f - 42 = 5*s. Let d be s + 11 + -2 + -1. Let y(h) = 0*h + 3 - 7*h**d - h + 6*h**2 - h. Give y(-3).
0
Let k(t) = -2*t**2 + t + 1. Suppose g = -1, 6*h = 5*h - 3*g - 1. Give k(h).
-5
Let x be 6/(-2)*1 - -5. Let d(b) = b - 5*b**x + 9 + b - b**3 - b - 5*b**2. Calculate d(-10).
-1
Let x(n) = -2*n - 8. Let k be (108/81)/((-16)/60). Determine x(k).
2
Let z be (0 - (-1 + 3))*-2. Let x(d) be the third derivative of 2/3*d**3 + 18*d**2 + 0*d + 0 - 1/12*d**4. Determine x(z).
-4
Let g(j) = -j**3 + 6*j - 5. Let b be (-3)/((-18)/24*1). Calculate g(b).
-45
Suppose 5*s + 2*g = 3 + 11, -2*s - 5*g + 14 = 0. Let h(x) = 0 - 28*x**2 - s + 3*x + 32*x**2. Determine h(2).
20
Let r(s) = -4*s**2 + s - 6. Let d(q) be the second derivative of -q**4/4 - 2*q**2 - q + 11. Let j(x) = -5*d(x) + 4*r(x). Give j(4).
-4
Let m(p) be the first derivative of -p**6/360 + p**5/120 + p**4/6 + p**3/3 - 2. Let j(o) be the third derivative of m(o). Suppose -2*a + 3 = -5. Calculate j(a).
-8
Let f(a) = -5*a**3 - 7*a**2 - 9*a - 2. Let u = 0 - 1. Let g(w) = -w**3 - w**2 - w. Let b be ((-6)/(-8))/(118/944). Let c(i) = b*g(i) + u*f(i). Determine c(3).
-7
Let j(a) = -12*a - 15. Let y(f) = 5*f + 7. Let u(t) = -2*j(t) - 5*y(t). What is u(-13)?
8
Let d(j) = -j + 5. Let m be 2 - (-4 + -1 + 1). Let k be d(m). Let w(b) = -2*b + 4914*b**2 - 1 - 9829*b**2 + 4912*b**2. Give w(k).
-2
Let a(c) = c - 2. Suppose 2*i = 3*d - 35, 7*d - 23 = 4*d - i. What is a(d)?
7
Let b(a) = -a - 1. Let w = -325 - -322. Calculate b(w).
2
Let q(d) = d**2 - 6*d - 5. Suppose r - 2 = 2*t - 4, 0 = t - 2. Let z be r + (-2)/(-1) - -1. Suppose -j - 3*h = -7, -3*j - z*h - 4 = -25. What is q(j)?
2
Let m(l) = -3*l - 6. Let a(k) = 17*k**2 + 5. Let f be a(-2). Let z = 69 - f. What is m(z)?
6
Suppose 2*o - 1763 = -1783. Let f(h) = -h**2 - 10*h + 5. What is f(o)?
5
Let q(j) = 4*j**2 + 9*j + 1. Let w = -4 - -6. Let z(o) = 2 - w - 7*o**2 - 17*o - 3. Let c(f) = -5*q(f) - 3*z(f). Calculate c(-4).
-4
Let i(z) be the second derivative of 0*z**2 - 1/20*z**5 + 4/3*z**3 + 0 + 5/12*z**4 + 29*z. What is i(6)?
12
Let f(c) = -c**3 + 2 + 2*c**2 + 287*c - 284*c - 2*c**2. What is f(-2)?
4
Let i(d) = -2*d**2 + 12*d + 6. Let n(q) = q**2 + 11*q - 174. Let p be n(-20). Calculate i(p).
6
Let b(o) = -o**3 - 7*o**2 - 2*o + 8. Let m(w) = -26*w - 759. Let q be m(-29). Calculate b(q).
-32
Let i(n) be the first derivative of n**4/4 - 17*n**3/3 - 9*n**2 + 132. Give i(18).
0
Let o(w) = -2*w - 3. Suppose 3*z = -2*u - 2*u - 14, -4*z - 5*u = 18. What is o(z)?
1
Let q(g) = 25*g**2 + 11*g - 39. Let x(r) = -5*r**2 - 2*r + 7. Let h(z) = 2*q(z) + 11*x(z). Give h(1).
-6
Let k(d) be the first derivative of -d**2 - d + 9. Suppose 3*p - 2 - 8 = y, -16 = 4*y - 4*p. Determine k(y).
1
Let q(p) be the second derivative of p**4/12 + 5*p**3/3 + 5*p**2/2 - 6*p. Let b be q(-10). Let o(i) = -i + b - 4 + 4*i. What is o(-3)?
-8
Suppose -7*j = 10*j + 34. Let z(y) = -2 + 1 + 0 + 3*y**2 + 2*y - 4*y. Determine z(j).
15
Let d(w) = 5*w + 4 - 8*w**2 - w + 0*w**3 - w**3 + 7*w**3 - 5*w**3. Calculate d(3).
-29
Let z(o) = -7*o**2 - 12*o - 5. Let w(b) = -13*b**2 - 22*b - 9. Let p(h) = -6*w(h) + 11*z(h). Calculate p(-3).
8
Suppose -2*g + 22 = -4*s, -4*g = -3*s + 8*s - 70. Let i(o) = o**2 - 16*o + 18. Determine i(g).
3
Let o(x) be the first derivative of x**3/3 - 6*x**2 + 17*x - 25. Determine o(10).
-3
Let m(f) be the first derivative of f**4 + f**3 - 5*f**2/2 - 2*f + 12. Let l(r) = r**2 - r - 1. Let z(b) = -3*l(b) + m(b). Determine z(1).
3
Let f(t) = t - 9. Let m(b) = 20*b + 163. Let u(z) = 5*z + 41. Let c(s) = 2*m(s) - 9*u(s). Let l be c(-10). Determine f(l).
-2
Let y(t) be the first derivative of -t**3/3 - t**2/2 - 4*t - 89. Determine y(-4).
-16
Let u(k) = -5*k**2 - 7*k + 12. Let j(l) = -15*l**2 - 20*l + 34. Let d(q) = 6*j(q) - 17*u(q). Determine d(2).
-22
Let z(v) = -5*v**3 + 7*v**2 - 5*v - 8. Let s(p) = -p**3 - p. Let w(l) = -4*s(l) + z(l). Suppose 5*f - 4*a - 51 = 0, -3*f - 5*a - 6 = -f. Determine w(f).
-15
Let h(s) = -s - 24. Let m be (-2)/(-4)*(-29 - (-21 - -12)). Calculate h(m).
-14
Let k(q) = q**2 + 8*q - 3. Suppose d = -5*a + 18, 24 = 2*a + 2*a - 4*d. Suppose x = -5*j + 3, 0 = 3*j + a*x - 7 - 5. Let o = -6 - j. Determine k(o).
-15
Let u(q) be the second derivative of 7*q**3/6 + q**2/2 - 3*q. Let a be (4/3)/(22/429). Let k = a + -25. What is u(k)?
8
Let s(d) = 2*d - 1. Let t(z) = z. Let x(j) = -3*s(j) + 4*t(j). Let l be (-6)/14 + (-4)/7. Let y(k) = 4*k**2 + 3*k + 3. Let r be y(l). What is x(r)?
-5
Let o(y) = -y**3 + 8*y**2 - 10*y + 10. Suppose 5*x - 11*x = -36. Suppose 2*f - 16 = c, x*f - 29 = 3*f + 4*c. Give o(f).
-11
Let n(r) = -14*r**3 + 8*r + 19. Let f(z) = -5*z**3 + 3*z + 6. Suppose 2*v - 8 = 0, -4*w - 5*v + 0*v + 36 = 0. Let s(t) = w*n(t) - 11*f(t). Determine s(0).
10
Suppose -2*w + 28 = -6*w + 3*h, 3*w - 4*h + 28 = 0. Let s be 9/(-3) + 4 + w. Let a(o) = o**3 + 5*o**2 + 5*o + 3. Determine a(s).
6
Let u(l) = l**3 - 11*l**2 - 10*l - 8. Let f be u(12). Suppose d - 5 = -2*p - 1, 4*d - f = 0. Let q(m) = m**3 - m**2 + 2. Calculate q(p).
2
Let k(y) = -2*y - 37. Let x(o) = o + 20. Let n(a) = -4*k(a) - 7*x(a). Calculate n(6).
14
Let l(t) = t**3 + 6*t**2 + 2*t - 11. Let s(i) = i**3 + 5*i**2 + 3*i - 11. Let j(f) = -3*l(f) + 2*s(f). What is j(-8)?
11
Let a(m) = -4*m + 8. Let f = -790 - -794. What is a(f)?
-8
Let x(l) be the second derivative of -l**3/6 + l**2/2 + 8*l - 4. Let f(c) = 2 + c - 2*c - c. Let i(k) = -f(k) + 3*x(k). What is i(-3)?
4
Let p(m) = m + 3. Let v be 6*(-2 - (-24)/9). Suppose 0 = -v*x - 4*a - 12, 2*a = 7*